 + 69. Let x(r) = -r + 9. Let m be x(-12). Let o(f) = 5*f - 7. Let a(j) = m*o(j) + 2*i(j). Give a(6).
9
Let j be (-8)/(-12) - (-5)/(-3). Let y(d) be the first derivative of -5*d**4/4 + 2*d**3/3 - d + 127. What is y(j)?
6
Let h(v) = 192*v + 24. Let p(c) = 19*c + 2. Let g(m) = 2*h(m) - 21*p(m). What is g(5)?
-69
Let a(k) be the third derivative of k**9/60480 + k**8/4032 - k**7/1260 + k**6/720 + 7*k**5/30 - 4*k**2. Let c(n) be the third derivative of a(n). Give c(-6).
-11
Let y be (-49)/(-49) + 6/(1 - -1). Let k(g) = g**2 - 2*g - 4. What is k(y)?
4
Suppose 4*u - 2 - 6 = 0. Let s be 40/(-7 + u) + 3. Let a(p) = 2*p - 1. Determine a(s).
-11
Let d = 29 - 17. Let h = d - 6. Let w(z) = -8*z - 4 - 3*z**2 + 4*z**2 + h. Give w(7).
-5
Let j(t) = 4*t**2 - 5*t - 3. Let f be j(-1). Let s(p) = p**2 - 5*p - 1. Give s(f).
5
Let w(g) = 16*g**2 + 6*g - 7. Let l(f) = -f**2 - f + 1. Let r(y) = -6*l(y) - w(y). Suppose -m - 3*m = -8. Let t = m - 3. Determine r(t).
-9
Let v(l) = 5*l + 25. Suppose -4*g - 13 + 37 = -4*h, 0 = 5*h - 3*g + 26. Let f be v(h). Let b(x) = x**2 - 5*x + 3. What is b(f)?
3
Let u = 10 + -17. Let o(x) = x**2 + 7*x + 1. Let w be o(u). Let q(v) be the second derivative of -5*v**4/6 + v**3/6 - v. Give q(w).
-9
Let t be -2*(-1)/3*-6*-1. Let z(h) = 7*h + 4. Calculate z(t).
32
Let k(t) be the second derivative of 2*t**3/3 - 19*t**2/2 - 46*t. Calculate k(8).
13
Suppose 123 = -2*n + 43*n. Let v(b) = -b**2 + b + 9. Give v(n).
3
Let t(p) = -p**2 - 5*p + 5. Suppose -24 = k - 7*k. Suppose 12 = -3*a - m, 3*m + 6 = a - k*a. Give t(a).
5
Let o(s) be the third derivative of -s**5/12 + s**4/4 - s**3 - 343*s**2. Give o(2).
-14
Let m(g) = -g**3 - 5*g**2 + 3*g + 2. Let v = 782 + -788. Determine m(v).
20
Suppose -2*a + 7*a + 22 = 3*z, 4*a = -z - 21. Let w(p) = p + 2. Let m(q) = q + 2. Suppose -3*v + 9 = -0*v. Let j(g) = v*w(g) - 4*m(g). What is j(a)?
3
Let c(k) = -k**3 + 9*k**2 - 3*k + 13. Let g(m) = -m**2 + m - 1. Let i(u) = c(u) + g(u). Calculate i(8).
-4
Let t(m) = -17*m - 1. Suppose 11*j - 8*j + 3 = 2*w, -4 = 4*j - 4*w. Determine t(j).
16
Let m(h) be the first derivative of -12 - 11*h - 5*h**2 - 1/3*h**3. Determine m(-8).
5
Suppose r - 2*p = 16, 0*r = -3*r + 4*p + 38. Let q(z) = z**3 + 9*z**2 - 5*z + 2. Let b(v) = v**2. Let j(u) = r*b(u) - q(u). What is j(-4)?
-6
Suppose 0 = -2*v - 3*v + 10. Suppose 0 = 3*z - v*z - 2. Let t(j) = -13*j**3 + j**2 - j - z*j**2 + 3*j**2. Give t(1).
-12
Suppose 0 = 2*z + 2 + 2. Let r(c) = c**3 + 5*c**2 + 4*c + 3. Let d be r(-4). Let m(t) = 4*t**3 - d*t**3 + 2 + 2*t**2 + 0*t + t. Give m(z).
0
Let h(u) = -1 - 4*u + u**2 + 2*u - 4*u. Suppose 0 = 13*j - 35 - 30. Calculate h(j).
-6
Let d be 4/3 + (-16)/(-24). Let i(k) = 2*k**d + 9*k - k**2 - 55 + 49. Give i(-9).
-6
Let q(o) = -7*o**2 + 5*o. Let p(v) = -22*v**2 + 16*v. Let a(u) = -5*p(u) + 16*q(u). Let x be 0 + 0 + 15/5. Suppose 0 = -g - 2*g - x. What is a(g)?
-2
Let c(a) = -5*a**2 + 8*a + 1. Suppose -6*o - 6 = -3*o - 3*r, -5*o - r = 22. Let j(h) = 4*h**2 - 7*h - 2. Let g(n) = o*j(n) - 3*c(n). Calculate g(5).
0
Suppose -5*m + 26 = -5*u + 2*u, -6 = -2*m - u. Let l(n) = -n**2 + 2*n + 4. What is l(m)?
-4
Suppose 0 = -9*r - 0 - 18. Let v(n) = n**2 + 4*n + 7. Calculate v(r).
3
Let w(c) = c**3 - 4*c**2 - 4*c - 7. Suppose -5*m + 58 = 8. Suppose 8*u + 10 = m*u. What is w(u)?
-2
Let r(h) = 5 - 2*h + 4 - 8 + h**2 + 2*h**3. Suppose 0 = 5*c + 28 - 33. Calculate r(c).
2
Let a be 161/14 + (-5)/10*-1. Let f(i) = -i**3 + 13*i**2 - 10*i - 22. Give f(a).
2
Suppose -28 = -3*p - r + 3*r, -3*r = 2*p + 3. Let y(x) = x**3 - 7*x**2 + x. Determine y(p).
-30
Let p(f) be the third derivative of f**6/24 + 2*f**2 - 253. Give p(-2).
-40
Let r(q) = 7*q**2 - 4*q - 3. Let k(b) = -8*b**2 + 4*b + 4. Let j(i) = 5*k(i) + 6*r(i). Determine j(2).
2
Let g = 305 + -609/2. Let p(x) be the second derivative of 3*x + 7/12*x**4 + 7/6*x**3 + 0 + 1/20*x**5 - g*x**2. What is p(-6)?
-7
Let r(q) be the third derivative of 3*q**4/8 - 25*q**3/3 - 155*q**2 + 2*q. Give r(5).
-5
Let a(p) = -p**2 + 8*p - 2. Let k = 11 + -29. Let i = k + 20. Let h be i/(-9) - (-130)/18. Give a(h).
5
Let l(d) = 36*d + 833. Let o be l(-23). Suppose 2*x + x = 21. Let y(m) = x + 2 - 3 - 8*m + m**2. Calculate y(o).
-9
Let o = 1424 + -1425. Let i(z) = -3*z**2 + 2*z. Calculate i(o).
-5
Let g(j) be the second derivative of -1/6*j**3 + 0 + 46*j + 0*j**2. What is g(-1)?
1
Let w(y) = 2*y**2 + 4*y - 5. Suppose 2*o + 2 = 2*a, -2*a - 10 = -5*o - 3. Suppose -1 = -o*v + 2. Let g be 1 - (-3 - (v + -9)). Give w(g).
11
Let k(z) be the first derivative of z**3/3 + z**2/2 - 7*z - 50. Calculate k(-5).
13
Let f(t) = -5*t - 3. Let w(b) = 15*b + 8. Let c(l) = 10*f(l) + 3*w(l). Give c(4).
-26
Suppose 9 = 2*q + 3. Suppose 6*x = 2*s + 2*x + 16, 4*x = -q*s - 4. Let g(d) = d + 4. Let w(l) = -l - 4. Let j(t) = -3*g(t) - 4*w(t). Calculate j(s).
0
Let a(l) = 1 + 54*l**3 + 2*l + 58*l**3 - 113*l**3. Let g = -6 + 8. Calculate a(g).
-3
Let l(b) = -4*b**3 - 2*b**2 - b. Suppose -126*r + 13 = -131*r + 2*w, 5*r - 4*w + 21 = 0. What is l(r)?
3
Let q(r) = r**3 + r**2 + r + 2. Suppose 23*d = 14*d. What is q(d)?
2
Let h(g) = g**2 - 9*g - 18. Let w(x) = -2*x**2 - x + 1. Let i(m) = -h(m) - w(m). Give i(-8).
1
Suppose -5*o + 2*j = -29, -3*o + 0*j - j = -24. Let i(v) be the third derivative of v**6/120 - 2*v**5/15 + v**4/6 + 3*v**3/2 - 2*v**2 - 13. Determine i(o).
-12
Let h(y) be the third derivative of -y**5/60 - y**4/24 - y**3/3 - 66*y**2 - y. Suppose -6*j = -4*j - 4. Calculate h(j).
-8
Let c(p) = -18185*p + 18186*p + 28*p**2 + 0*p**2. Determine c(-1).
27
Let f be (-20)/(-30) - 150/(-18). Let t(g) = g**2 - 10*g - 5. Calculate t(f).
-14
Let z(r) be the second derivative of r**5/10 - 7*r**4/6 + r**3/6 - 3*r**2/2 + 432*r. Determine z(7).
4
Let b(i) = i**3 + 4*i**2 + i + 3. Let j(g) = -2*g + 4. Let f be j(1). Suppose 3*x + 3*h + 8 = -2*x, 4*x + f*h + 8 = 0. Calculate b(x).
-1
Let q(v) = -v**3 - 3*v**2 + 5*v + 1. Suppose -9*o = -10*o - 22. Let i = o + 18. Determine q(i).
-3
Suppose 22*p - 12 = 10. Let k(c) be the second derivative of -c**5/4 - c**4/12 + c**2/2 - 3*c. What is k(p)?
-5
Let r(i) be the third derivative of i**4/8 + 5*i**3/2 + 36*i**2. Determine r(9).
42
Let l(w) = -w**2 + 3*w + 2. Let v(y) = y**3 + 8*y**2 + 2*y - 1. Let q be v(-7). Suppose -2*u = c + c + q, -3*c - 67 = -5*u. Let r = c + 23. Calculate l(r).
-2
Let g = -8766 - -8771. Let v(p) = 2*p**2 - 10*p + 7. Let i(j) = -j**2 + 5*j - 3. Let x(q) = 9*i(q) + 4*v(q). What is x(g)?
1
Let u(r) = r + 4. Let l be u(-4). Let b(t) = -23 - t**3 - 4*t**2 + l*t**3 + 21. Let m = -9 - -5. What is b(m)?
-2
Suppose -3*d - 11 = y - 0*d, 2*d = -3*y - 5. Suppose -8*r + 5*r = 0. Let q(s) = -2*s**2 - 1 + 31*s + r - 30*s + s**2. Determine q(y).
-1
Let y(h) = -3*h**2 - 14*h + 2. Let u(f) = 9*f**2 + 50*f - 7. Let n(w) = -2*u(w) - 7*y(w). Let t = 5 - 2. Let v = -1 + t. Determine n(v).
8
Let l(u) = u - 26 + 8*u - 8*u - 2*u + 5*u. Give l(6).
-2
Let o(n) be the third derivative of n**5/12 - n**4/24 + n**3/6 - 131*n**2. Determine o(1).
5
Let d be 2/4 - (-3)/2. Let w(v) = -v**3 - 18*v**2 + 21*v + 43. Let p be w(-19). Let y(n) = 2*n + n - 2*n**3 - p*n**d + 4*n**3 - n**3. Determine y(4).
-4
Let d be (0 - 2)*(-5)/30*-3. Let z(f) be the third derivative of f**2 + 0*f + 0 - 7/60*f**5 + 0*f**3 + 0*f**4. What is z(d)?
-7
Suppose -z - 6 + 0 = 0. Let l = z - 1. Let s(b) = -b**2 - 6*b + 3. Calculate s(l).
-4
Let n = 192 - 197. Let m(x) = x**2 + 5*x - 4. Determine m(n).
-4
Let y(p) = -4*p + 1. Let r be y(1). Let c(x) be the second derivative of x**4/4 + x**3/6 - 3*x**2/2 - 65*x - 19. Calculate c(r).
21
Let x(g) be the second derivative of -g**2 + 1/2*g**3 + 0 - 23*g. Suppose q = -3 + 1. What is x(q)?
-8
Let r(a) be the second derivative of -a**3/2 + a**2 + a. Suppose 3*n + 26 - 2 = 2*g, 15 = -3*n - g. Determine r(n).
20
Suppose 4*k + k = 20. Let m(g) = 5 - 4 - 4*g - 3*g**2 - g**3 + g + g**3 + g**3. Determine m(k).
5
Let j = -373 + 376. Let u(v) be the third derivative of 0*v + 0 + 0*v**3 + 1/6*v**4 - 1/60*v**5 + 2*v**2. Calculate u(j).
3
Suppose -4*y + y + 3*u - 9 = 0, -y - 5*u = -15. Let a be y/(4/16*4). Suppose a*p + 30 = 6*p. Let m(v) = -v + 1. Determine m(p).
-4
Let x be (72 + -72)/((-1 - -3) + -6*1). Let k(f) be the third derivative of 0 - 2*f**2 + 1/24*f**4 - 7/3*f**3 + 0*f. Calcu